{"id":3013,"date":"2021-02-22T09:16:23","date_gmt":"2021-02-22T09:16:23","guid":{"rendered":"https:\/\/www.streamlineseats.de\/page\/?post_type=product&#038;p=3013"},"modified":"2024-07-07T07:59:32","modified_gmt":"2024-07-07T07:59:32","slug":"flatcap-mikuni-tmx-30","status":"publish","type":"product","link":"https:\/\/www.streamlineseats.de\/page\/produkt\/flatcap-mikuni-tmx-30\/","title":{"rendered":"FlatCap Vergaserdeckel Mikuni TMX 30"},"content":{"rendered":"<div id=\"oneWrapper\">\n<div id=\"one\" class=\"one\">\n<p>Der FlatCap Vergaserdeckel wurde entwickelt, um eine echte Alternative zu herk\u00f6mmlichen Vergaserdeckeln zu bieten und um den engen Platzverh\u00e4ltnissen unter der Seitenbacke bzw. im inneren des Vesparahmens entgegenzuwirken.<\/p>\n<p>Der FlatCap Vergaserdeckel wird zu 100% aus Aluminium gefertigt und er verhindert durch seine flache Bauform unter anderem ein Ansto\u00dfen des Vergasers am Vespa-Rahmen w\u00e4hrend des Einfederungsvorgangs. Durch die innenliegende Umlenkrolle entsteht dar\u00fcber hinaus nur eine minimale Reibung am Gaszug, wodurch Abnutzungen am Seilzug in diesem Bereich der Vergangenheit angeh\u00f6ren.<\/p>\n<p><strong>Die wichtigsten Eigenschaften im \u00dcberblick:<\/strong><\/p>\n<ul>\n<li>geeignet f\u00fcr Mikuni TMX 30 Vergaser oder baugleiche Vergasertypen<\/li>\n<li>komplett aus hochfestem Aluminium gefertigt<\/li>\n<li>Preis: 79,95 \u20ac<\/li>\n<\/ul>\n<p>Die Einstellschraube sowie die Dichtung m\u00fcssen von dem originalen Vergaserdeckel \u00fcbernommen werden.<\/p>\n<\/div>\n<\/div>\n","protected":false},"excerpt":{"rendered":"<p>Der FlatCap Vergaserdeckel wurde entwickelt, um eine echte Alternative zu herk\u00f6mmlichen Vergaserdeckeln zu bieten und um den engen Platzverh\u00e4ltnissen unter der Seitenbacke bzw. im inneren des Vesparahmens entgegenzuwirken.<\/p>\n","protected":false},"featured_media":6910,"template":"","meta":{"site-sidebar-layout":"default","site-content-layout":"default","ast-site-content-layout":"default","site-content-style":"default","site-sidebar-style":"default","ast-global-header-display":"","ast-banner-title-visibility":"","ast-main-header-display":"","ast-hfb-above-header-display":"","ast-hfb-below-header-display":"","ast-hfb-mobile-header-display":"","site-post-title":"","ast-breadcrumbs-content":"","ast-featured-img":"","footer-sml-layout":"","theme-transparent-header-meta":"default","adv-header-id-meta":"","stick-header-meta":"","header-above-stick-meta":"","header-main-stick-meta":"","header-below-stick-meta":"","astra-migrate-meta-layouts":"set","ast-page-background-enabled":"default","ast-page-background-meta":{"desktop":{"background-color":"","background-image":"","background-repeat":"repeat","background-position":"center center","background-size":"auto","background-attachment":"scroll","background-type":"","background-media":"","overlay-type":"","overlay-color":"","overlay-opacity":"","overlay-gradient":""},"tablet":{"background-color":"","background-image":"","background-repeat":"repeat","background-position":"center center","background-size":"auto","background-attachment":"scroll","background-type":"","background-media":"","overlay-type":"","overlay-color":"","overlay-opacity":"","overlay-gradient":""},"mobile":{"background-color":"","background-image":"","background-repeat":"repeat","background-position":"center center","background-size":"auto","background-attachment":"scroll","background-type":"","background-media":"","overlay-type":"","overlay-color":"","overlay-opacity":"","overlay-gradient":""}},"ast-content-background-meta":{"desktop":{"background-color":"var(--ast-global-color-5)","background-image":"","background-repeat":"repeat","background-position":"center center","background-size":"auto","background-attachment":"scroll","background-type":"","background-media":"","overlay-type":"","overlay-color":"","overlay-opacity":"","overlay-gradient":""},"tablet":{"background-color":"var(--ast-global-color-5)","background-image":"","background-repeat":"repeat","background-position":"center center","background-size":"auto","background-attachment":"scroll","background-type":"","background-media":"","overlay-type":"","overlay-color":"","overlay-opacity":"","overlay-gradient":""},"mobile":{"background-color":"var(--ast-global-color-5)","background-image":"","background-repeat":"repeat","background-position":"center center","background-size":"auto","background-attachment":"scroll","background-type":"","background-media":"","overlay-type":"","overlay-color":"","overlay-opacity":"","overlay-gradient":""}}},"product_brand":[],"product_cat":[79],"product_tag":[],"class_list":{"0":"post-3013","1":"product","2":"type-product","3":"status-publish","4":"has-post-thumbnail","6":"product_cat-flatcap-vergaserdeckel","7":"desktop-align-left","8":"tablet-align-left","9":"mobile-align-left","11":"first","12":"outofstock","13":"taxable","14":"shipping-taxable","15":"purchasable","16":"product-type-simple"},"_links":{"self":[{"href":"https:\/\/www.streamlineseats.de\/page\/wp-json\/wp\/v2\/product\/3013","targetHints":{"allow":["GET"]}}],"collection":[{"href":"https:\/\/www.streamlineseats.de\/page\/wp-json\/wp\/v2\/product"}],"about":[{"href":"https:\/\/www.streamlineseats.de\/page\/wp-json\/wp\/v2\/types\/product"}],"version-history":[{"count":8,"href":"https:\/\/www.streamlineseats.de\/page\/wp-json\/wp\/v2\/product\/3013\/revisions"}],"predecessor-version":[{"id":10050,"href":"https:\/\/www.streamlineseats.de\/page\/wp-json\/wp\/v2\/product\/3013\/revisions\/10050"}],"wp:featuredmedia":[{"embeddable":true,"href":"https:\/\/www.streamlineseats.de\/page\/wp-json\/wp\/v2\/media\/6910"}],"wp:attachment":[{"href":"https:\/\/www.streamlineseats.de\/page\/wp-json\/wp\/v2\/media?parent=3013"}],"wp:term":[{"taxonomy":"product_brand","embeddable":true,"href":"https:\/\/www.streamlineseats.de\/page\/wp-json\/wp\/v2\/product_brand?post=3013"},{"taxonomy":"product_cat","embeddable":true,"href":"https:\/\/www.streamlineseats.de\/page\/wp-json\/wp\/v2\/product_cat?post=3013"},{"taxonomy":"product_tag","embeddable":true,"href":"https:\/\/www.streamlineseats.de\/page\/wp-json\/wp\/v2\/product_tag?post=3013"}],"curies":[{"name":"wp","href":"https:\/\/api.w.org\/{rel}","templated":true}]}}