{"id":3328,"date":"2021-03-24T04:14:04","date_gmt":"2021-03-24T04:14:04","guid":{"rendered":"https:\/\/www.streamlineseats.de\/page\/?page_id=3328"},"modified":"2025-12-05T07:26:32","modified_gmt":"2025-12-05T07:26:32","slug":"versandkosten","status":"publish","type":"page","link":"https:\/\/www.streamlineseats.de\/page\/versandkosten\/","title":{"rendered":"Versandkosten"},"content":{"rendered":"<p>Alle im Onlineshop angegebenen Preise enthalten die gesetzliche deutsche Umsatzsteuer in H\u00f6he von 19 %.  Bei Versand in andere EU L\u00e4nder wird die jeweilige Umsatzsteuer des Empf\u00e4ngerlandes verwendet.  Hinzu kommen die jeweiligen Verpackungs- und Versandkosten.<\/p><p>Die Versandkosten von Paketen und P\u00e4ckchen innerhalb Deutschlands, in andere EU-L\u00e4nder sowie ins Ausland entnehmen Sie bitte den nachfolgenden Listen bzw. Zonen:<\/p><p><strong>Pakete bis 2 kg<\/strong><\/p><figure class=\"wp-block-table\"><table><tbody><tr><td><strong>Zone<\/strong><\/td><td><strong>Preis<\/strong><\/td><\/tr><tr><td>Deutschland<\/td><td>8 \u20ac<\/td><\/tr><tr><td>EU Countries &#8211; Zone 1<\/td><td>15,50 \u20ac<\/td><\/tr><tr><td>World \u2013 Zone 2<\/td><td>19,90 \u20ac<\/td><\/tr><tr><td>World \u2013 Zone 3<\/td><td>21,90 \u20ac<\/td><\/tr><tr><td>World \u2013 Zone 4<\/td><td>21,90 \u20ac<\/td><\/tr><tr><td>World \u2013 Zone 5<\/td><td>21,90 \u20ac<\/td><\/tr><tr><td>World \u2013 Zone 6<\/td><td>23 \u20ac<\/td><\/tr><tr><td>World \u2013 Zone 7<\/td><td>23 \u20ac<\/td><\/tr><\/tbody><\/table><\/figure><p><br><strong>Pakete bis 5 kg<\/strong><\/p><figure class=\"wp-block-table\"><table><tbody><tr><td><strong>Zone<\/strong><\/td><td><strong>Preis<\/strong><\/td><\/tr><tr><td>Deutschland<\/td><td>9,50 \u20ac<\/td><\/tr><tr><td>EU Countries &#8211; Zone 1<\/td><td>19,90 \u20ac<\/td><\/tr><tr><td>World \u2013 Zone 2<\/td><td>32,90 \u20ac<\/td><\/tr><tr><td>World \u2013 Zone 3<\/td><td>37,90 \u20ac<\/td><\/tr><tr><td>World \u2013 Zone 4<\/td><td>37,90 \u20ac<\/td><\/tr><tr><td>World \u2013 Zone  5<\/td><td>49,90 \u20ac<\/td><\/tr><tr><td>World \u2013 Zone 6<\/td><td>53 \u20ac<\/td><\/tr><tr><td>World \u2013 Zone 7<\/td><td>56 \u20ac<\/td><\/tr><\/tbody><\/table><\/figure><p><strong>Pakete bis 10 kg<\/strong><\/p><figure class=\"wp-block-table\"><table><tbody><tr><td><strong>Zone<\/strong><\/td><td><strong>Preis<\/strong><\/td><\/tr><tr><td>Deutschland<\/td><td>13,50 \u20ac<\/td><\/tr><tr><td>EU Countries &#8211; Zone 1<\/td><td>24,90 \u20ac<\/td><\/tr><tr><td>World \u2013 Zone 2<\/td><td>37,90 \u20ac<\/td><\/tr><tr><td>World \u2013 Zone 3<\/td><td>46,90 \u20ac<\/td><\/tr><tr><td>World \u2013 Zone 4<\/td><td>46,90 \u20ac<\/td><\/tr><tr><td>World \u2013 Zone 5<\/td><td>65,90 \u20ac<\/td><\/tr><tr><td>World \u2013 Zone 6<\/td><td>83 \u20ac<\/td><\/tr><tr><td>World \u2013 Zone 7<\/td><td>96 \u20ac<\/td><\/tr><\/tbody><\/table><\/figure><p><strong>Pakete bis 20 kg<\/strong><\/p><figure class=\"wp-block-table\"><table><tbody><tr><td><strong>Zone<\/strong><\/td><td><strong>Preis<\/strong><\/td><\/tr><tr><td>Deutschland<\/td><td>23,50 \u20ac<\/td><\/tr><tr><td>EU Countries &#8211; Zone 1    <\/td><td>36,90 \u20ac<\/td><\/tr><tr><td>World \u2013 Zone 2<\/td><td>53,90 \u20ac<\/td><\/tr><tr><td>World \u2013 Zone 3<\/td><td>57,90 \u20ac<\/td><\/tr><tr><td>World \u2013 Zone 4<\/td><td>63,90 \u20ac<\/td><\/tr><tr><td>World \u2013 Zone 5<\/td><td>105,90 \u20ac<\/td><\/tr><tr><td>World \u2013 Zone 6<\/td><td>149 \u20ac<\/td><\/tr><tr><td>World \u2013 Zone 7<\/td><td>183 \u20ac<\/td><\/tr><\/tbody><\/table><\/figure><p id=\"zone1\"><strong>Zone 1 &#8211; EU<\/strong><\/p><ul class=\"wp-block-list\"><li>Belgien<\/li>\n\n<li>Bulgarien<\/li>\n\n<li>D\u00e4nemark (au\u00dfer F\u00e4r\u00f6er, Gr\u00f6nland)<\/li>\n\n<li>Estland<\/li>\n\n<li>Finnland (au\u00dfer \u00c4landinseln)<\/li>\n\n<li>Frankreich (au\u00dfer \u00fcberseeische Gebiete und Departments)<\/li>\n\n<li>Griechenland (au\u00dfer Berg Athos)<\/li>\n\n<li>Irland<\/li>\n\n<li>Italien (au\u00dfer Livigno und Campione d&#8217;Italia)<\/li>\n\n<li>Kroatien<\/li>\n\n<li>Lettland<\/li>\n\n<li>Litauen<\/li>\n\n<li>Luxemburg<\/li>\n\n<li>Malta<\/li>\n\n<li>Monaco<\/li>\n\n<li>Niederlande (au\u00dfer au\u00dfereurop\u00e4ische Gebiete)<\/li>\n\n<li>\u00d6sterreich<\/li>\n\n<li>Polen<\/li>\n\n<li>Portugal<\/li>\n\n<li>Rum\u00e4nien<\/li>\n\n<li>Schweden<\/li>\n\n<li>Slowakei<\/li>\n\n<li>Slowenien<\/li>\n\n<li>Spanien (au\u00dfer Kanarische Inseln, Ceuta und Melilla)<\/li>\n\n<li>Tschechische Republik<\/li>\n\n<li>Ungarn<\/li>\n\n<li>Zypern (au\u00dfer Nordteil)<\/li><\/ul><p><strong>Zone 2<\/strong><\/p><ul class=\"wp-block-list\"><li>Isle of Man<\/li>\n\n<li>Schweiz<\/li>\n\n<li>Gro\u00dfbritannien<\/li><\/ul><p><strong>Zone 3<\/strong><\/p><ul class=\"wp-block-list\"><li>\u00c4landinseln (Finnland)<\/li>\n\n<li>Guernsey<\/li>\n\n<li>Island<\/li>\n\n<li>Jersey<\/li>\n\n<li>Liechtenstein<\/li>\n\n<li>Moldawien<\/li>\n\n<li>Norwegen<\/li>\n\n<li>San Marino<\/li>\n\n<li>Serbien<\/li>\n\n<li>T\u00fcrkei<\/li><\/ul><p><strong>Zone 4<\/strong><\/p><ul class=\"wp-block-list\"><li>Russische F\u00f6deration<\/li><\/ul><p><strong>Zone 5<\/strong><\/p><ul class=\"wp-block-list\"><li>Hongkong<\/li>\n\n<li>Indien<\/li>\n\n<li>Indonesien<\/li>\n\n<li>Japan<\/li>\n\n<li>Macao<\/li>\n\n<li>Malaysia<\/li>\n\n<li>Philippinen<\/li>\n\n<li>Singapur<\/li>\n\n<li>S\u00fcdafrika<\/li>\n\n<li>S\u00fcdkorea<\/li>\n\n<li>Taiwan<\/li>\n\n<li>Thailand<\/li>\n\n<li>Vietnam<\/li><\/ul><p><strong>Zone 6<\/strong><\/p><ul class=\"wp-block-list\"><li>Kanada<\/li>\n\n<li>Vereinigte Staaten von Amerika (USA)<\/li><\/ul><p><strong>Zone 7<\/strong><\/p><ul class=\"wp-block-list\"><li>Australien<\/li>\n\n<li>Neuseeland<\/li><\/ul><p><\/p>","protected":false},"excerpt":{"rendered":"<p>Alle im Onlineshop angegebenen Preise enthalten die gesetzliche deutsche Umsatzsteuer in H\u00f6he von 19 %. Bei Versand in andere EU L\u00e4nder wird die jeweilige Umsatzsteuer des Empf\u00e4ngerlandes verwendet. Hinzu kommen die jeweiligen Verpackungs- und Versandkosten. Die Versandkosten von Paketen und P\u00e4ckchen innerhalb Deutschlands, in andere EU-L\u00e4nder sowie ins Ausland entnehmen Sie bitte den nachfolgenden Listen [&hellip;]<\/p>\n","protected":false},"author":1,"featured_media":0,"parent":0,"menu_order":0,"comment_status":"closed","ping_status":"closed","template":"","meta":{"site-sidebar-layout":"default","site-content-layout":"default","ast-site-content-layout":"default","site-content-style":"default","site-sidebar-style":"default","ast-global-header-display":"","ast-banner-title-visibility":"","ast-main-header-display":"","ast-hfb-above-header-display":"","ast-hfb-below-header-display":"","ast-hfb-mobile-header-display":"","site-post-title":"","ast-breadcrumbs-content":"","ast-featured-img":"","footer-sml-layout":"","theme-transparent-header-meta":"default","adv-header-id-meta":"","stick-header-meta":"","header-above-stick-meta":"","header-main-stick-meta":"","header-below-stick-meta":"","astra-migrate-meta-layouts":"set","ast-page-background-enabled":"default","ast-page-background-meta":{"desktop":{"background-color":"","background-image":"","background-repeat":"repeat","background-position":"center center","background-size":"auto","background-attachment":"scroll","background-type":"","background-media":"","overlay-type":"","overlay-color":"","overlay-opacity":"","overlay-gradient":""},"tablet":{"background-color":"","background-image":"","background-repeat":"repeat","background-position":"center center","background-size":"auto","background-attachment":"scroll","background-type":"","background-media":"","overlay-type":"","overlay-color":"","overlay-opacity":"","overlay-gradient":""},"mobile":{"background-color":"","background-image":"","background-repeat":"repeat","background-position":"center center","background-size":"auto","background-attachment":"scroll","background-type":"","background-media":"","overlay-type":"","overlay-color":"","overlay-opacity":"","overlay-gradient":""}},"ast-content-background-meta":{"desktop":{"background-color":"var(--ast-global-color-5)","background-image":"","background-repeat":"repeat","background-position":"center center","background-size":"auto","background-attachment":"scroll","background-type":"","background-media":"","overlay-type":"","overlay-color":"","overlay-opacity":"","overlay-gradient":""},"tablet":{"background-color":"var(--ast-global-color-5)","background-image":"","background-repeat":"repeat","background-position":"center center","background-size":"auto","background-attachment":"scroll","background-type":"","background-media":"","overlay-type":"","overlay-color":"","overlay-opacity":"","overlay-gradient":""},"mobile":{"background-color":"var(--ast-global-color-5)","background-image":"","background-repeat":"repeat","background-position":"center center","background-size":"auto","background-attachment":"scroll","background-type":"","background-media":"","overlay-type":"","overlay-color":"","overlay-opacity":"","overlay-gradient":""}},"footnotes":""},"class_list":["post-3328","page","type-page","status-publish","hentry"],"_links":{"self":[{"href":"https:\/\/www.streamlineseats.de\/page\/wp-json\/wp\/v2\/pages\/3328","targetHints":{"allow":["GET"]}}],"collection":[{"href":"https:\/\/www.streamlineseats.de\/page\/wp-json\/wp\/v2\/pages"}],"about":[{"href":"https:\/\/www.streamlineseats.de\/page\/wp-json\/wp\/v2\/types\/page"}],"author":[{"embeddable":true,"href":"https:\/\/www.streamlineseats.de\/page\/wp-json\/wp\/v2\/users\/1"}],"replies":[{"embeddable":true,"href":"https:\/\/www.streamlineseats.de\/page\/wp-json\/wp\/v2\/comments?post=3328"}],"version-history":[{"count":16,"href":"https:\/\/www.streamlineseats.de\/page\/wp-json\/wp\/v2\/pages\/3328\/revisions"}],"predecessor-version":[{"id":11581,"href":"https:\/\/www.streamlineseats.de\/page\/wp-json\/wp\/v2\/pages\/3328\/revisions\/11581"}],"wp:attachment":[{"href":"https:\/\/www.streamlineseats.de\/page\/wp-json\/wp\/v2\/media?parent=3328"}],"curies":[{"name":"wp","href":"https:\/\/api.w.org\/{rel}","templated":true}]}}